et x be w(1). Suppose 2*y - 7 = 1. Let m(j) = j - y + 2*j - 2*j. What is m(x)?
-4
Let t(j) = -3*j + 1. Let s(b) be the third derivative of b**5/60 - b**4/24 - 2*b**3/3 + b**2. Let m be s(3). Give t(m).
-5
Let f(a) be the third derivative of -a**5/60 + a**4/12 + 7*a**3/6 - a**2. Let d(x) = 2*x - 7. Let y be d(6). Suppose 5 + y = 2*v. Determine f(v).
-8
Suppose -2*l = 3*l. Let y be (-2)/11 - 245/(-77). Let k(o) = -y*o + l*o + 2*o - 4. Give k(-4).
0
Let b(l) = 0*l + 0*l - l. Give b(7).
-7
Let t be 2*(-4)/((-32)/28). Let x = 2 - t. Let o(r) = r**2 + 5*r + 5. Give o(x).
5
Let f be -5*2/(-2)*1. Let g(v) be the third derivative of v**4/6 - v**3/3 + 5*v**2. What is g(f)?
18
Suppose -3*o + o = 4. Suppose 2 + 6 = 4*b. Let t(n) = 2*n + b + 1 - n**2 + 0. Give t(o).
-5
Let j(k) = -k**2. Let s be 1 - -1*(1 - 0). Let q be s - 0/(-1 - -2). Suppose q*l = l - 2. What is j(l)?
-4
Suppose -2*a + 5 = -5*b, 0 = -a - 2*b - 1 - 1. Let v(r) = r**3 + r**2 - 1. What is v(a)?
-1
Suppose 4*t - 3 = t. Let y be (t/(-1))/((-1)/2). Let l(b) = 0 - 1 + y*b + 7. What is l(-5)?
-4
Let f(n) = 2*n - 8. Let y be f(7). Let a(r) = -3*r + 3*r - r - 2*r - y. Calculate a(-4).
6
Let p(r) = 5*r. Let l be (16/(-10) - -2)/(4/(-20)). Give p(l).
-10
Let s(n) = -2*n - 12. Let m be s(-8). Let f(z) = -2*z + 3. Let d(u) = -2*u + 3. Let g(h) = 4*d(h) - 5*f(h). Give g(m).
5
Let o = -22 + 20. Let v(z) = 2*z**3 + 4*z**2 + 3*z + 2. Determine v(o).
-4
Let p be (5 + -1)*11/22. Let k(j) be the first derivative of -j**4/4 + 2*j**3/3 - 3*j**2/2 + 3*j + 1. Calculate k(p).
-3
Let j(f) = -f**3 + 5*f**2 - 3*f + 1. Let t be j(4). Suppose -y = 1, 4*m - t*y - 11 = 22. Let u(h) = -h + h - m + h. Determine u(3).
-4
Let g = -10 + 11. Let z(x) = 2*x - g + 10*x**2 + 0*x - x. What is z(1)?
10
Let k(t) = t**2 + 6*t + 4. Let g = -26 + 20. Determine k(g).
4
Suppose y = 5*i + 5, 35 = -5*i - 5*y - 0. Let t(c) = -c**2 + 3*c + 1. Determine t(i).
-9
Let l(p) = 2*p + 2*p**2 + 2*p**2 - 3*p**2 + 3. Suppose -5*k + 6 = 1. Let v = k - 4. What is l(v)?
6
Let d(t) = -t + 2. Let o be d(2). Let g(y) = y + o + 0*y - 3. What is g(0)?
-3
Let b be (-2 + 0)*4/(-4). Let k(s) = -1 - 4*s - 21*s**3 + 4 + 20*s**3 + 5*s**2 - b. Let c(h) = -h**2 + 4*h + 1. Let g be c(3). Give k(g).
1
Let h(b) = -2*b + 1. Let p(y) = -y**2 + 9*y - 2. Let v(r) = 2*h(r) + p(r). What is v(6)?
-6
Let t(h) = h**3 + 8*h**2 - 2*h + 2. Let j = -114 + 106. Determine t(j).
18
Suppose 3*h - 12 = -3. Let c(y) = -y - 1 + y**h - y**2 + y**2. Let s be 2 - (2 - (-1 + 3)). Give c(s).
5
Let b(u) = -2*u - 4*u + 7*u + 4. Determine b(-5).
-1
Let w = 3 + 0. Let v(t) be the third derivative of t**6/120 - t**5/60 - t**4/6 - 20*t**2. Give v(w).
6
Let x(s) = -s**2 - s + 1. Let a(f) = -3*f**2 - 7*f + 2. Let v(m) = -a(m) + 4*x(m). Let c = 4 - 6. Determine v(c).
-8
Let y(h) be the second derivative of -h**7/840 - h**5/120 + h**4/12 + h. Let j(a) be the third derivative of y(a). Determine j(1).
-4
Let h(p) be the first derivative of 2*p**3/3 - 9*p**2/2 + 6*p - 24. Calculate h(6).
24
Let p(w) = -w**3 + 6*w**2 + 5*w + 7. Let x = -8 + 15. Determine p(x).
-7
Suppose 0*f + 2*i - 3 = -f, -33 = -5*f - 4*i. Suppose w + f + 1 = 0. Let p be (w/(-4))/(1/(-2)). Let n(a) = a**2 + 4*a + 3. What is n(p)?
8
Suppose -h - 6 + 7 = 0. Suppose -4*a - 20 = 4*i, 2*i = -3 + h. Let z(t) = 2*t + 17. Let u(r) = -r - 9. Let q(o) = -11*u(o) - 6*z(o). What is q(a)?
1
Suppose -2*i + 5*o + 26 = -0*i, 4*i - 28 = 4*o. Let w(u) = 3 - u - 2*u**2 - 2*u + 6*u. Calculate w(i).
-6
Let q(z) = 7*z**3 - 2*z**2 - 2*z + 6. Let w(i) = i**3 - i**2 - i + 1. Let o(s) = q(s) - 6*w(s). Determine o(-3).
-3
Let x(w) be the first derivative of -w**2 + 1. Let l(y) = -y + 8. Let p be l(-7). Let j be (5/p)/(1/3). Calculate x(j).
-2
Let u(l) = l + 2*l**2 - 3*l**2 - 8*l. Let j(f) = f**3 + 6*f**2 + 12*f + 10. Let c be j(-4). Determine u(c).
6
Suppose 9*n = 5*n - 40. Let i(g) = g**2 + 13*g + 1. Calculate i(n).
-29
Let w be 4/10 - (-56)/35. Suppose 4*b = -m + 2, w*b + m - 4*m = 8. Let h(o) = 9*o**3 + o**2 - o. Calculate h(b).
9
Let a(y) be the third derivative of 1/60*y**5 + 0 + 0*y + 7/24*y**4 - 1/6*y**3 + 2*y**2. Give a(-6).
-7
Let m(u) = 9*u + 7. Let v(z) = -14*z - 15. Let c(b) = -13*b - 15. Let i(s) = -5*c(s) + 6*v(s). Let p(k) = -6*i(k) - 13*m(k). What is p(-3)?
8
Let d(o) = o**3 + 5*o**2 + 5*o - 4. Let k(y) = -y + 1. Let b be k(5). What is d(b)?
-8
Suppose 17 = -6*h - 13. Let q(v) be the third derivative of v**4/24 + 2*v**3/3 + v**2. Calculate q(h).
-1
Let u(a) be the third derivative of -a**5/60 + a**4/3 + a**3/2 - 27*a**2. Give u(6).
15
Let l(s) = s + 6. Let w be l(-5). Let v be -3 + (3 - w - 1). Let d(p) = -2*p**2 - p + 2. What is d(v)?
-4
Let s(i) = i - 8. Let t be s(10). Let g(n) = -7*n**2 - n + 2. Give g(t).
-28
Suppose 0*a + 3*a = -6. Let k = 6 + a. Let d(u) = 3*u + k + 2 - u. Determine d(-5).
-4
Let v be (8 + -5)*10/6. Let u(l) = l**2 - 4*l - 6. Give u(v).
-1
Let v(a) be the first derivative of -a**3/3 - 3*a**2 - 5*a + 24. Let n = 16 + -9. Let c = n - 13. Give v(c).
-5
Let t(j) = -4*j - 4. Suppose -3*z + f - 10 = -3*f, -4*z - 8 = -4*f. Suppose l = -z*l - 9. What is t(l)?
8
Let y be 3/(-15) - 1/(-5). Let m(t) = -t**3 - t**2 - t - 3. Determine m(y).
-3
Suppose 0 = 3*o + 5*d - 6, -o - d + 0*d = -2. Let r(l) = 5 + l**3 - 2*l**3 + l**o + 1 - 1. Let c(t) = -t**2 + t + 2. Let h be c(2). Give r(h).
5
Let w(a) = -a**3 + 4*a**2 - 3*a + 1. Let k be -2 - (-22)/10 - (-182)/65. Calculate w(k).
1
Let g(d) = 2*d - 1. Let p be (0/(1 + 1))/2. Let f(n) = -n - 3. Let m be f(p). Let v = -6 - m. Determine g(v).
-7
Let j(c) = c - c**2 - 2*c + 1 + c. Let t(z) = -2*z**2 - 5*z - 2. Let x(i) = j(i) - t(i). What is x(-5)?
3
Let u = 39 - 37. Let s(g) = -g. Determine s(u).
-2
Let n(o) = -2*o**2 - 22 + 0*o**2 - 18*o + 19*o + 3*o**2. What is n(0)?
-22
Let j(d) = d**3 + d**2 - d + 1. Let z be j(1). Suppose -8*s = -6*s. Let q(t) = -3 + 3 + s + t. What is q(z)?
2
Let z(k) = -8*k**3 - 4*k**2 + 3*k + 8. Let i(d) = -7*d**3 - 4*d**2 + 3*d + 7. Let a(x) = -7*i(x) + 6*z(x). Let w = 0 + -5. Calculate a(w).
-11
Let n(w) = 0*w + 4 + 11*w - w**2 - w - 13*w. Determine n(-5).
-6
Suppose 5 - 6 = -c. Let r(n) = -5*n - 1. Determine r(c).
-6
Let i(p) = 7*p - 7. Let w(q) = -q**2 + 15*q - 15. Let k(g) = -13*i(g) + 6*w(g). Let x be k(1). Let s(j) = j + 4. Give s(x).
-2
Let q(k) = -89*k + 86*k + 3*k**3 - 3*k**2 + 0*k**3 - 3 - 5*k**3. What is q(-2)?
7
Let o(r) = -r**3 + 3*r**2 + r - 3. Suppose q = 2*q + d + 458, -3*q - 2*d - 1376 = 0. Let u be q/(-45) + 4/(-18). Suppose -u = -4*x + 2. Determine o(x).
0
Let h = 5 + -1. Suppose h*k = k - 6. Let m(x) = -x**3 + x**2 + 3*x + 2. Calculate m(k).
8
Let x(v) = -v**3 + 10*v**2 + 12*v - 4. Let j = 47 - 36. What is x(j)?
7
Let x be (-66)/(-24) - 2/(-8). Let h(v) = 6*v + 2*v**2 + 6*v**x + 3 - 5*v**3 + 4*v**2. What is h(-5)?
-2
Suppose -5*o + 5*l - l = 40, -4*l = 5*o. Let b(i) = 4*i + 2. Give b(o).
-14
Let b = 28 + -26. Let r(u) = 1 - 6*u - 3*u + 3*u**2 - b*u**2 + 2*u. Give r(6).
-5
Let o(u) = u**3 - 4*u**2 + 2*u + 2. Let b(y) = y**3 - 3*y**2 + y + 2. Let w(z) = -3*b(z) + 4*o(z). Calculate w(6).
-4
Let t = -7 + 9. Suppose 4*k - 4 = b + 7, -4*k + 2 = t*b. Let m(n) = 2*n**3 - 4*n**2 + 2*n. Give m(k).
4
Let x(n) = n**3 - 4*n**2 - 8*n + 7. Suppose -3*u + 0*u - 99 = 0. Let h = u + 17. Let w = -11 - h. Determine x(w).
-8
Let k(o) = o + 1. Suppose -3*f = -8*f + 100. Suppose -3*m = m + f. Calculate k(m).
-4
Let q(p) = p**3 + p**2 - p + 1. Let d(u) = 6*u**3 - 7*u**2 + 5*u - 5. Let f(w) = -d(w) - 6*q(w). Let k(a) = a**2 + 3*a + 1. Let m be k(-3). Determine f(m).
-11
Let h(u) = u - 1. Let m(n) = n**2 - n + 2. Let k(s) = 3*h(s) + m(s). Let f(w) = -w**3 - 4*w**2 - 2*w + 2. Let l be f(-2). What is k(l)?
-1
Let f be 1 - (5 - 4)*-29. Let a(w) = f*w**2 - 29*w**2 - 1 + 2*w + 0*w. What is a(-2)?
-1
Suppose -2 = l - 4*t + 3*t, 3*t = -6. Let w(n) = -n. Let p(r) = 5*r - 4. Let f(g) = -g**2 + 3*g - 3. Let d be f(2). Let y(v) = d*p(v) - 6*w(v). Calculate y(l).
0
Let l = -11 - -7. Let y(q) = q**3 - 3*q**2 - 3*q - 2. Let k be y(4). Let o(z) = 5*z**k + 6 + z**3 + 21*z + 0*z**3 - 16*z. What is o(l)?
2
Let f be (2/(-3))/((-24)/180). Let b(w) = 2 + 10*w - 4*w - f*w. Suppose 2*k = -2*k + 5*o + 40, k + 2*o + 3 = 0. What is b(k)?
7
Let b(u) = u**2 - 8*u - 6. Let d be (16/(-5))/(8/(-20)). Ca